the prime factors of 100078?
2, 11, 4549
List the prime factors of 158266.
2, 79133
What are the prime factors of 887383?
7, 17, 7457
List the prime factors of 1113325.
5, 44533
What are the prime factors of 1514969?
73, 20753
List the prime factors of 31200523.
389, 80207
List the prime factors of 168376.
2, 13, 1619
What are the prime factors of 218558?
2, 109279
What are the prime factors of 3333090?
2, 3, 5, 111103
List the prime factors of 164406.
2, 3, 11, 47, 53
List the prime factors of 76556.
2, 19139
What are the prime factors of 898435?
5, 179687
List the prime factors of 593837.
23, 25819
List the prime factors of 815149.
815149
What are the prime factors of 8202919?
8202919
List the prime factors of 150829.
7, 29, 743
List the prime factors of 429679.
429679
What are the prime factors of 1558837?
7, 29, 1097
What are the prime factors of 20171639?
17, 769, 1543
List the prime factors of 6506659.
41, 158699
What are the prime factors of 8762046?
2, 3, 1460341
What are the prime factors of 4804760?
2, 5, 113, 1063
List the prime factors of 1092022.
2, 61, 8951
What are the prime factors of 108892?
2, 7, 3889
List the prime factors of 1214103.
3, 11, 36791
List the prime factors of 6331771.
79, 80149
What are the prime factors of 2689064?
2, 7, 31, 1549
List the prime factors of 3308153.
3308153
List the prime factors of 31958075.
5, 1278323
List the prime factors of 460353.
3, 173, 887
List the prime factors of 170969.
17, 89, 113
List the prime factors of 1504962.
2, 3, 83609
List the prime factors of 1442725.
5, 57709
What are the prime factors of 202975?
5, 23, 353
What are the prime factors of 7990?
2, 5, 17, 47
What are the prime factors of 348785?
5, 79, 883
List the prime factors of 297107.
199, 1493
What are the prime factors of 17587953?
3, 1954217
List the prime factors of 383160.
2, 3, 5, 31, 103
What are the prime factors of 1905168?
2, 3, 19, 2089
List the prime factors of 4015379.
4015379
What are the prime factors of 412865?
5, 71, 1163
List the prime factors of 1087803.
3, 40289
What are the prime factors of 273989?
17, 71, 227
What are the prime factors of 4988828?
2, 13, 197, 487
List the prime factors of 298571.
7, 13, 17, 193
What are the prime factors of 4330612?
2, 11, 13, 67, 113
What are the prime factors of 6181505?
5, 11, 167, 673
What are the prime factors of 87605?
5, 7, 2503
List the prime factors of 40309862.
2, 59, 211, 1619
List the prime factors of 896595.
3, 5, 7, 8539
What are the prime factors of 299142?
2, 3, 16619
What are the prime factors of 2351867?
7, 269, 1249
List the prime factors of 1969875.
3, 5, 17, 103
What are the prime factors of 8505389?
17, 500317
What are the prime factors of 955022?
2, 477511
What are the prime factors of 11006870?
2, 5, 7, 3209
What are the prime factors of 682593?
3, 227531
List the prime factors of 7342595.
5, 13, 83, 1361
What are the prime factors of 8380417?
8380417
What are the prime factors of 1760811?
3, 13, 23, 151
What are the prime factors of 9940931?
7, 11, 13, 9931
List the prime factors of 1171350.
2, 3, 5, 19, 137
What are the prime factors of 100136?
2, 12517
What are the prime factors of 470776?
2, 83, 709
What are the prime factors of 523532?
2, 17, 7699
List the prime factors of 469740.
2, 3, 5, 7829
What are the prime factors of 850904?
2, 106363
List the prime factors of 665212.
2, 166303
What are the prime factors of 3631131?
3, 7, 57637
List the prime factors of 227515.
5, 45503
What are the prime factors of 557820?
2, 3, 5, 1033
What are the prime factors of 284804?
2, 13, 5477
List the prime factors of 3053423.
3053423
List the prime factors of 4973740.
2, 5, 431, 577
What are the prime factors of 367959?
3, 122653
List the prime factors of 11813379.
3, 103, 38231
List the prime factors of 2063221.
383, 5387
List the prime factors of 5772264.
2, 3, 23, 10457
List the prime factors of 317534.
2, 7, 37, 613
What are the prime factors of 8702780?
2, 5, 435139
List the prime factors of 163064.
2, 11, 17, 109
List the prime factors of 28825.
5, 1153
What are the prime factors of 973748?
2, 243437
List the prime factors of 10213620.
2, 3, 5, 170227
What are the prime factors of 4541446?
2, 7, 13, 24953
List the prime factors of 229543.
53, 61, 71
List the prime factors of 1996398.
2, 3, 197, 563
What are the prime factors of 2006805?
3, 5, 353, 379
What are the prime factors of 18664855?
5, 11, 30851
List the prime factors of 5536625.
5, 44293
What are the prime factors of 14811899?
1289, 11491
What are the prime factors of 8313850?
2, 5, 17, 9781
What are the prime factors of 2962969?
1307, 2267
List the prime factors of 13979590.
2, 5, 1397959
List the prime factors of 47828.
2, 11, 1087
List the prime factors of 86274.
2, 3, 4793
What are the prime factors of 204578?
2, 11, 17, 547
List the prime factors of 4187229.
3, 1395743
List the prime factors of 1627369.
19, 97, 883
What are the prime factors of 723625?
5, 7, 827
List the prime factors of 9410508.
2, 3, 173, 1511
What are the prime factors of 768139?
768139
What are the prime factors of 245323?
13, 113, 167
What are the prime factors of 361573?
17, 21269
List the prime factors of 90980.
2, 5, 4549
What are the prime factors of 214026?
2, 3, 35671
What are the prime factors of 23693415?
3, 5, 1579561
List the prime factors of 1185722.
2, 592861
What are the prime factors of 291743?
291743
List the prime factors of 576963.
3, 17, 419
What are the prime factors of 341660?
2, 5, 11, 1553
What are the prime factors of 229328?
2, 11, 1303
List the prime factors of 1582165.
5, 13, 101, 241
List the prime factors of 3225925.
5, 129037
What are the prime factors of 4031058?
2, 3, 29, 23167
List the prime factors of 15518292.
2, 3, 373, 3467
What are the prime factors of 3457148?
2, 29, 29803
List the prime factors of 846446.
2, 23, 18401
List the prime factors of 59073.
3, 7, 29, 97
What are the prime factors of 43067?
43067
What are the prime factors of 332505?
3, 5, 821
List the prime factors of 52420.
2, 5, 2621
What are the prime factors of 1201607?
11, 313, 349
List the prime factors of 48924.
2, 3, 151
List the prime factors of 889251.
3, 11, 26947
List the prime factors of 659157.
3, 23, 41, 233
List the prime factors of 2362484.
2, 283, 2087
List the prime factors of 5884459.
7, 120091
What are the prime factors of 69091?
11, 571
What are the prime factors of 27004382?
2, 83, 162677
What are the prime factors of 724338?
2, 3, 40241
List the prime factors of 1573638.
2, 3, 11, 113, 211
List the prime factors of 9896459.
9896459
List the prime factors of 14872896.
2, 3, 19, 151
What are the prime factors of 18500898?
2, 3, 13, 29, 8179
List the prime factors of 1197383.
11, 199, 547
List the prime factors of 601261.
179, 3359
What are the prime factors of 9958699?
97, 102667
List the prime factors of 216211.
216211
What are the prime factors of 868758?
2, 3, 11, 13163
What are the prime factors of 23961863?
23961863
List the prime factors of 2739628.
2, 37, 107, 173
What are the prime factors of 18004034?
2, 107, 84131
List the prime factors of 3453140.
2, 5, 172657
List the prime factors of 1446400.
2, 5, 113
List the prime factors of 12696110.
2, 5, 7, 17, 47, 227
List the prime factors of 6341977.
461, 13757
What are the prime factors of 572399?
572399
What are the prime factors of 127289?
127289
What are the prime factors of 1199610?
2, 3, 5, 1481
List the prime factors of 5073586.
2, 7, 41, 8839
What are the prime factors of 17912812?
2, 4478203
What are the prime factors of 30145947?
3, 13, 17, 41, 1109
What are the prime factors of 236743?
13, 18211
List the prime factors of 88836.
2, 3, 11, 673
What are the prime factors of 631021?
569, 1109
List the prime factors of 28752479.
7, 4107497
What are the prime factors of 569809?
569809
What are the prime factors of 7226227?
7226227
What are the prime factors of 33850658?
2, 1669, 10141
What are the prime factors of 383962?
2, 17, 23, 491
List the prime factors of 2149125.
3, 5, 11, 521
What are the prime factors of 9232284?
2, 3, 769357
List the prime factors of 6802695.
3, 5, 151171
What are the prime factors of 5979233?
13, 131, 3511
What are the prime factors of 5517623?
71, 77713
List the prime factors of 3586792.
2, 11, 4